66. What is the remainder when n is divided by 2?
1
Let i be 2/(-7) + (-21)/(1176/880). What is the remainder when 1/3*(-4)/(i/588) is divided by 17?
15
Let f(z) be the third derivative of 5*z**4/24 + 5*z**3/6 - 2*z**2. Let h be f(3). Calculate the remainder when (-2)/(h/6)*-85 is divided by 13.
12
Calculate the remainder when 523 is divided by 962/39 - (-1)/3.
23
Calculate the remainder when (-2638)/(-3) + (-74)/(-111) is divided by 126.
124
Let m = 122 - 87. Suppose -47 = -2*q - 13. Let g = m - q. Calculate the remainder when g is divided by 5.
3
Let w = 46 - 36. Suppose 2*r - w*r = -152. Suppose 5*u = 2*q + 278 + 89, 3*q + 368 = 5*u. Calculate the remainder when u is divided by r.
16
Suppose -v + 11 = -4*r, 2*r + 18 = 3*v - 15. Let f(m) = m**2 - 2*m + 6. Calculate the remainder when f(-5) is divided by v.
8
Suppose d - 2 - 8 = -3*j, 0 = 8*d + 3*j - 143. Calculate the remainder when 232 is divided by d.
4
Let o be (-5)/20 + (-17)/(-4). Suppose 0 = o*n + 47 - 147. Calculate the remainder when n is divided by 13.
12
Let a(z) = 16*z - 22. Let t(n) = -16*n + 23. Let o(l) = 4*a(l) + 3*t(l). Calculate the remainder when 102 is divided by o(2).
11
Let k = 255 - 239. What is the remainder when 287 is divided by k?
15
Suppose 300 = -44*p + 49*p. What is the remainder when p is divided by 32?
28
Let x(o) = o**3 + o**2 + o + 3. Suppose -8*m = -2*m. Let n be x(m). Suppose -9 = n*i - 69. What is the remainder when i is divided by 11?
9
Suppose -3*y + 3*m + 99 = 6*m, 2*y - 57 = -5*m. Let d = 51 - y. Calculate the remainder when d is divided by 8.
7
Let z = 13 + -7. Let v = 4 + 1. Let y(r) = 3*r + 7. What is the remainder when y(v) is divided by z?
4
Let o(h) = h**2 + 4. Let z be o(-6). Let f be (60/(-8))/((-6)/z). Suppose 4*d - 8*d = -r - 65, -5*d - 5*r = -f. Calculate the remainder when 27 is divided by d.
12
Let y = 269 - 249. Calculate the remainder when 42 is divided by y.
2
Suppose -i + s = -35, 3*s + 81 = 4*i - 63. Calculate the remainder when i is divided by 3.
0
Let b = 14 + -12. Suppose -x + 15 = b*o, 3*o + 4*x = 1 + 24. Suppose -o*q + 252 = -175. Calculate the remainder when q is divided by 32.
29
Calculate the remainder when 183 is divided by (1 - -4) + (-162)/(-9).
22
Let x(r) = 98*r**2 + 8*r + 8. Calculate the remainder when x(-1) is divided by 53.
45
Suppose -6*x + 2 = -7*x. Let u be (-26)/4*-18 + x. Suppose -u = -2*c - 11. Calculate the remainder when c is divided by 9.
7
Suppose -3*a = -6*a. Let q = -6 + a. Let k(r) = r**3 + 7*r**2 + r - 7. Calculate the remainder when k(q) is divided by 5.
3
Let w be -184*(-4)/(8/2). Suppose -5*l = -5*n + n - 487, w = 2*l + 2*n. Calculate the remainder when l is divided by 33.
29
Let n be 5*(3 + -3 + 1). Suppose k + 5*v - 190 = -k, v = -n*k + 452. Let o = k + -47. What is the remainder when o is divided by 23?
20
Let x be (-470)/(-90) + (-2)/9. Suppose -5 = -2*a + x. Let g = 15 - a. What is the remainder when 26 is divided by g?
6
Let x = 1 + -5. Let i = x - -6. Suppose 0 = -i*o + 5*o - 39. What is the remainder when 21 is divided by o?
8
Let i be 16/120 - (-28)/15. Suppose -i*b - 47 = -63. What is the remainder when 10 is divided by b?
2
Suppose -465 = -0*s - 5*s. Calculate the remainder when s is divided by (-508)/(-20) - (-48)/80.
15
Suppose -3*m - 2*m = -r - 9, 3*r - 5 = -m. Suppose -m*v = v + 6. What is the remainder when 82 is divided by 0 - (v - (15 - 0))?
14
Let p(t) be the third derivative of -t**5/60 + 7*t**4/24 - 2*t**3/3 + 10*t**2. Let z = -3 - -8. What is the remainder when 22 is divided by p(z)?
4
Let g(h) = 45*h + 3. Let b(i) = -23*i - 2. Let f(r) = 5*b(r) + 2*g(r). Let s be f(3). Calculate the remainder when 57 is divided by 8/32 - s/4.
17
Let z(x) = -4*x + 141. What is the remainder when 171 is divided by z(28)?
26
Let w = 121 + -63. Let t be ((-8)/(-10))/(6/15). Suppose -3*h + 3*v = -51, -4*h + t*v - 4*v + 86 = 0. What is the remainder when w is divided by h?
18
Suppose -5*k - 3*a = -265, 0 = k + 2*k - a - 159. Suppose -4*z + k = -7. Let c(d) = -d**3 + d**2 + d + 8. What is the remainder when z is divided by c(0)?
7
Let m(y) = 37*y**2 + 85*y + 164. Calculate the remainder when m(-2) is divided by 29.
26
Let c(f) = 2*f**3 - 35*f**2 + 22*f + 3. What is the remainder when 97 is divided by c(17)?
9
Let s be ((-2)/(-8))/(5/20). Let o(u) = -u**3 + 4*u**2 - 3*u + 3. What is the remainder when (-1)/(s + 16/(-12)) is divided by o(3)?
0
Let h(c) = 2*c. Let n be h(0). Let a be 2/2 + (-1 - -4). Suppose -a*z + n = -32. Calculate the remainder when 15 is divided by z.
7
Let i = 104 + -85. Calculate the remainder when 74 is divided by i.
17
Let f(g) be the third derivative of g**4/8 + g**3 - 3*g**2. Calculate the remainder when f(8) is divided by (-44)/64*-4*(1 - -3).
8
Let d(o) = 3*o**3 - 8*o**2 - 10*o + 10. What is the remainder when 1256 is divided by d(4)?
32
Let j be (27/4)/((-6)/(-272)). Suppose -2*f + 3*a + 364 = 0, -4*f + a - j = -1044. Suppose -3*h + f = 2*h. Calculate the remainder when h is divided by 10.
7
Suppose 189 = 5*p - 4*w + 55, 0 = -5*p + 3*w + 133. Calculate the remainder when p is divided by (6/4)/((-36)/(-168)).
5
What is the remainder when (1 + 0)*-14*(-184 + 177) is divided by 20?
18
Suppose 4*w + 42 = 2*d + 8, -d - 2*w + 41 = 0. Suppose 162 + 68 = 2*g. Calculate the remainder when g is divided by d.
28
Suppose 5*u - 4*m = 469, -2*u - 5*m = 2*u - 408. What is the remainder when u is divided by 34?
29
Let s be -3 - (-6*2 + -4). Calculate the remainder when 66 is divided by s + 6 - (-1 - 3).
20
Let m(t) = 25*t. Let g(x) = 38*x. Let o(i) = 5*g(i) - 8*m(i). Calculate the remainder when o(-2) is divided by 7.
6
Let j = 676 - 491. What is the remainder when j is divided by 19?
14
Let c = 372 + -369. Let s(b) = -b**3 + 2*b**2 + 4*b. Let o be s(3). Suppose 0*z - o = -z. What is the remainder when z is divided by c?
0
Suppose 3*d = -2*z + 17, 1 = 3*z - 2*z. Suppose -2*n - m = -50, -3*n = -n + d*m - 66. What is the remainder when 90 is divided by n?
21
Suppose 6*t + 109 = 475. Suppose -3*x = h + 37, 4*x - h + 0*h = -t. What is the remainder when 66 is divided by -8*x/8*1?
10
Let w = -150 + 224. Suppose 8*m - 100 = 3*m - f, -52 = -3*m + f. What is the remainder when w is divided by 1/((-18)/m - -1)?
17
What is the remainder when 3*2 + 6 + -3 + 6 is divided by 7?
1
What is the remainder when 28 is divided by 3/((-3)/(-30) + 3/15)?
8
Let v be 22/(-3 + 3 + 2). Suppose -2*w + 4*x + v = -w, 0 = -4*x - 8. Suppose -88 = -g - w*n, -n + 8 = 3*n. What is the remainder when g is divided by 21?
19
Let w(k) = 16*k**3 + k**2 + k - 1. Let v(a) = a**2 + 15*a + 46. Let c be v(-11). What is the remainder when (392/(-6))/(-2)*3/c is divided by w(1)?
15
Let k be (-5)/(55/548) + 4/(-22). Let y = 92 + k. Let h(d) = d**3 - 7*d**2 - 7*d + 7. What is the remainder when y is divided by h(8)?
12
Let f = -28 - -19. Let h be f*((-2)/(-2))/(-3). What is the remainder when h/(-2)*136/(-6) is divided by 12?
10
Suppose -r = -5*i - 28 - 13, -3*r - 3*i + 87 = 0. What is the remainder when r is divided by 7?
3
Let h(w) = -w + 8. Let j be h(8). Suppose k = j, -3*k = 2*m - k + 40. Let z = -4 - m. What is the remainder when 47 is divided by z?
15
Suppose 2*s - 6*s = -36. Suppose -199 = -5*r - s. What is the remainder when r is divided by 10?
8
Let n = -36 + 22. Let u(y) = -2*y**2 + 20*y - 3. Calculate the remainder when (n/(-4))/((-2)/(-24)) is divided by u(9).
12
Calculate the remainder when 226 is divided by (33/55*15)/1.
1
Let z = -9 + 30. What is the remainder when 46 is divided by z?
4
Let m = 32 + -26. Let q = m + 9. What is the remainder when 27 is divided by q?
12
Let c be (23/(-2))/(-1*(-6)/12). Let t = -3 - c. Calculate the remainder when (-4 - -2) + 40 + 0 is divided by t.
18
Let t(b) = -b**2 + 11*b - 11. Let q be t(9). Suppose -9 = -j + q. What is the remainder when j is divided by 8?
0
Suppose 0 = 2*y - 10. Suppose y*r = 2*r - 4*b + 21, -5*b = 0. What is the remainder when 12 is divided by r?
5
Let o = 40 + -27. Let v(u) = -2*u + 16. What is the remainder when v(-3) is divided by o?
9
Suppose -147 = -l - 6*l. What is the remainder when 2/(-7) - 1166/(-14) is divided by l?
20
Suppose 8*s - 40 = 24. Calculate the remainder when 111/(-12)*(-36)/3 is divided by s.
7
Suppose -q - 5*g + 436 = 2*q, -5*q + 720 = 5*g.